+ 3. Let b = 3 - h. Let v(t) = t**2 - 3*t - 6. Determine v(b).
12
Let k = -11 + 15. Let g(a) = 11*a**2 - 3*a - 13. Let d(z) = z**2 + 10*z + 7. Let m be d(-8). Let y(v) = 5*v**2 - 2*v - 6. Let u(t) = m*y(t) + 4*g(t). Give u(k).
10
Let g(c) be the second derivative of c**5/4 - c**4/12 + c**3/3 - c**2/2 - c. Let m be 0 - (48/(-2) - 6). Let b = m + -29. Give g(b).
5
Let m(i) = -32*i + 20. Let c(u) = -11*u + 7. Let z(n) = -11*c(n) + 4*m(n). Let w(j) = 6*j - 3. Let q = -2 + 5. Let f(r) = q*w(r) + 2*z(r). What is f(-3)?
-15
Let q(d) be the third derivative of -d**5/60 + d**4/6 + 2*d**2 + 29*d. Calculate q(5).
-5
Let a(b) = b**2 - 24*b + 73. Let d(l) = -4*l**2 + 134*l - 172. Let r be d(32). Determine a(r).
-7
Suppose q + 0*q = -4*h + 19, 2*h - q - 5 = 0. Suppose 0 = -i + 5*i - 24. Suppose -5*f = h + i. Let d(a) = a**2 - 2*a - 2. Calculate d(f).
6
Let n(i) be the first derivative of -i**3/3 + 3*i**2 - 1. Suppose 2*c = -2*p - c + 4, 4*p + 4*c - 8 = 0. Let a be (3/p)/(17/68). Give n(a).
0
Let a be 7/42 - ((-21)/(-18))/(-7). Let l(n) be the second derivative of -a*n**3 - 3/2*n**2 + 0 + 5*n. Determine l(-6).
9
Let x = 7 - 6. Let j(h) be the second derivative of -7*h**5/20 - h**3/3 + h**2/2 - 17*h + 2. What is j(x)?
-8
Let k(i) = -i**3 - 14*i**2 - 14*i + 6. Let g be 0 + (-40)/(-4) + -3. Let w(z) = z**3 + 13*z**2 + 13*z - 6. Let s(r) = g*w(r) + 6*k(r). Determine s(-6).
-12
Let q(d) = -d + 2. Let s(i) = -i**3 - 7*i**2 + 5. Let y(z) = -z**3 - 5*z**2 + z - 2. Let t be y(-5). Let l be s(t). Give q(l).
-3
Let k(s) = s**2 + 5*s + 2. Let w be k(-5). Let g(y) be the first derivative of 0 + 4*y - y**w - 7*y - 6*y - 2. Give g(-6).
3
Let c(q) = 5*q**2 + q - 1. Let b = 1 - 4. What is c(b)?
41
Let y(n) = -76 - 85 - 87 + 228 + 11*n + 14*n**2 + n**3. What is y(-13)?
6
Let b(o) = -o**2 + 3*o + 2. Let t(i) = 2*i**2 - 8*i - 5. Let q(f) = 8*b(f) + 3*t(f). What is q(-2)?
-7
Let a(j) be the third derivative of j**6/120 + j**5/6 - 5*j**4/12 + j**3/3 + 77*j**2 - 2. Determine a(-11).
-9
Let k(g) = g**2 - 15*g + 13. Let n = -1160 + 1174. What is k(n)?
-1
Let b(s) = -9*s**2 + 4*s + 4. Let o(y) = -14*y**2 + 6*y + 5. Let h(x) = -8*b(x) + 5*o(x). What is h(5)?
33
Let x(m) be the first derivative of m**3/3 + 4*m**2 - 5*m - 87. What is x(-9)?
4
Let s = 4 + -1. Let m(z) = z**3 - 7 + 4 - 8*z - 2*z**3 - 7*z**2 - s. Give m(-6).
6
Let n(y) be the third derivative of y**5/60 + y**4/3 - 5*y**3/6 - y**2 + y. Give n(-7).
-12
Let x(h) = h**3 - 28*h**2 - 25*h - 114. Let t be x(29). Let w(p) be the second derivative of p**t + 11*p + 1/2*p**3 + 0 + 1/12*p**4. Determine w(-2).
0
Suppose 40 = -5*m + 4*y, 5*y - 43 = -18. Let q(f) be the third derivative of f**5/60 + f**4/12 - 2*f**3/3 + f**2 + f. Calculate q(m).
4
Let h(y) = 2*y**2 + 3*y - 3. Suppose -4*x - 8 = r - 25, -x = 2*r + 1. Give h(r).
6
Let w be ((-60)/((-30)/5))/(-1). Let y(s) = -s**3 - 10*s**2 - 3*s. What is y(w)?
30
Let v(d) = d + 5. Let f be -3*(3 + (-1)/(1 - 0)). Calculate v(f).
-1
Let a(w) = -w**3 + 4*w**2 + 3*w + 7. Let v be -3*5*2/(-6). Let h be v/((2 + -1)/1). What is a(h)?
-3
Let d(m) = -m**2 + 20*m - 10. Let k(a) = -a**2 + 19*a - 6. Let w(c) = -4*d(c) + 5*k(c). What is w(15)?
10
Let t(p) = -4*p**2 + 0*p**3 - 2*p - 7 - p**3 - 1 - p + 1. Give t(-4).
5
Let v(m) = 159*m - 23. Let z(s) = -28*s + 4. Let q(c) = -6*v(c) - 34*z(c). Suppose 2*o = 3*o - 24. Suppose 2*t - 6*t + o = 0. Determine q(t).
-10
Let l = 4 + -5. Let u(c) = -1 + c + 5*c**2 + c**2 - 5*c**2 - 2*c**2. Let m(n) = 5*n**2 + 10. Let d(s) = l*m(s) - 6*u(s). Calculate d(6).
-4
Let n(b) be the second derivative of b**5/4 - b**4/6 - b**3/6 + b**2 - 184*b. Give n(1).
4
Suppose 0 = 5*z - 5 - 10, 0 = 2*b + 2*z - 12. Let d(y) = 4*y - 6. What is d(b)?
6
Suppose 11*v - 170 = 17. Let q = 31 + -19. Let r = v - q. Let o(g) = g**2 - 7*g + 6. What is o(r)?
-4
Let f(s) be the second derivative of 1/12*s**4 + 1/2*s**2 + 1/6*s**3 + 3/10*s**5 + 0 - 13*s. Let o(y) = -y + 4. Let h be o(5). Determine f(h).
-5
Let u = 20 + -19. Suppose 0 = 5*c - 14 - u. Suppose -2*z = c*z + 5. Let d(j) = -7*j**3 + 2*j**2 + 2*j + 1. What is d(z)?
8
Let p(x) be the first derivative of -x**4/4 + x**3 + x**2 + 6*x + 43. Give p(4).
-2
Let x(p) = 6*p + 2. Let j(d) = d. Let q(k) = -5*j(k) + x(k). Let z = 6 + -6. Suppose 0 = -z*r + r. Calculate q(r).
2
Let s(a) be the first derivative of -a**2/2 - a - 3. What is s(3)?
-4
Let i(j) = 31*j + 31*j - 63*j - 3. Let p = 0 + 7. What is i(p)?
-10
Let i be (-1)/11 + 1586/143. Let x(c) = c**2 - 15*c + 12. Calculate x(i).
-32
Let h be (-37)/(-13) - (-10)/65. Suppose h*q - 3*o = -9, 0*q - 3*q + 4*o = 12. Let r(p) = -p + 9. Give r(q).
9
Let o = -1674 + 1677. Let a(k) = -k**2 + 3*k + 5. What is a(o)?
5
Let b(o) = 4 + 20*o**2 + 15*o - 21*o**2 + 3. Let n be b(16). Let f be 19 + n - 1*4. Let d(r) = -3*r + 8. Determine d(f).
-10
Let z(j) = -3*j + 1. Let g(o) = 3*o**2 + 3*o + 2. Suppose -1 = 5*q + 4. Let l be g(q). What is z(l)?
-5
Let z = -4 - -104. Let m = z + -95. Let l(u) = u**2 - 5*u + 5. Calculate l(m).
5
Suppose 0*f - 4*f - 16 = 0. Let n = f - -5. Let g(a) = 0*a + 2 + 2*a + 0*a**2 - n + 2*a**2. What is g(-2)?
5
Let d(v) be the second derivative of 1/6*v**3 + 0*v**2 + 5*v + 0. Suppose 0 = -l + 5*l - 8, p + 4*l = 12. Determine d(p).
4
Suppose -3*x - 2 = -5. Let u(a) be the first derivative of 7*a + 4 - a + 6 + a**2 - x. What is u(-4)?
-2
Let m(b) = -7*b**2 + b. Suppose 3*s - x - 66 = 0, -5*x = 5*s - 2*x - 124. Suppose 0*k - a = -4*k + 8, -3*k + 5*a = -s. Calculate m(k).
-6
Suppose 3*l - 3 = -k + 2, -5 = 5*k. Let j(a) = -7*a**2 - 10 + l*a**2 - a + 6 + a**3. Determine j(5).
-9
Let a(t) = 4*t + 3. Suppose 4*c - 45 = -c. Suppose 3*d = c*d + 12. Determine a(d).
-5
Let h = 9 + -10. Let b(g) = 2*g + 1 + 5*g**2 - 4*g**2 - 3*g**2 + g**2. Give b(h).
-2
Let h(p) = p**2 + 263*p - 88*p - 91*p - 84*p. Determine h(-1).
1
Let s(k) = 2*k + 4. Suppose -4*n + 84 = 5*t, -9*n = t - 5*n - 4. Suppose -24*r - 12 = -t*r. Determine s(r).
-2
Let d(t) = t**2 - 7*t + 7. Let k be -1*5 - (-28 + -1). Suppose -p = -2*u + 3*p + k, 2*u - 5*p - 27 = 0. Give d(u).
1
Let y(b) be the third derivative of b**6/120 + b**5/10 + b**4/4 + 7*b**3/6 + 225*b**2. Give y(-5).
2
Let k = -13 - -19. Let i(b) = 7*b. Let n(z) = -z + 1. Let w(u) = k*n(u) + i(u). What is w(-6)?
0
Suppose -o - 5*f = -0*f + 8, 4*o - 3*f = -32. Let l(w) = -w**2 - 7*w + 9. Determine l(o).
1
Let u be -2 + (-12)/2*1. Let f be 6/(-8) + 2/u. Let q(o) = 2*o**2 + o. Determine q(f).
1
Let v(n) be the second derivative of -3/2*n**3 + 0 + 1/12*n**4 + n + 3/2*n**2. What is v(8)?
-5
Let z(p) be the third derivative of -p**4/24 - 5*p**3/6 + p**2. Let a be 14*4/8 + -3. Suppose 10*b + 36 = a*b. Determine z(b).
1
Let o(l) = 5*l - 4. Let q(w) = 4*w - 3. Let v(i) = -3*o(i) + 4*q(i). Suppose 3 = -4*y + z + 12, 0 = -5*y - 3*z + 24. Suppose 0 = y*n - 4*n - 2. Determine v(n).
-2
Let y(a) be the second derivative of -a**4/12 - a**3/2 + a**2 + 2*a. Suppose 8*i = 3*i. Let m(h) = -h**2 - h - 3. Let d be m(i). Determine y(d).
2
Let f = -1460 + 1466. Suppose 4*b = -b - 4*j - 7, -3*b - j = 0. Let v(u) = -4*u - 2. Let z(a) = a**2 - a - 1. Let l(o) = b*z(o) + v(o). Calculate l(f).
3
Let v(c) = c**3 - 5*c**2 + 6*c - 5. Let i(y) = -y**2 + 11*y + 1. Let d be i(12). Let o = d - -15. Give v(o).
3
Let r(t) = -t + 1. Let a(i) = -6*i - 3. Let n(o) = -2*a(o) - 14*r(o). Let u(v) = -17*v + 5. Let k(g) = -5*n(g) - 8*u(g). What is k(2)?
12
Suppose -5*s = 5*q + 5, -2*s - 2*q - 4 = -s. Let d(z) = 5 - 4*z - 36*z**2 + 22*z**s - 1 + 13*z**2. Determine d(-5).
-1
Let o(x) = -x**2 + 6*x. Let i be o(6). Let d(a) = 6*a**2 - a**2 + a + 0*a + 7 - 6*a**2. Calculate d(i).
7
Let p(b) = b**2 + b - 14. Let o be p(4). Let r(t) be the second derivative of -t**5/20 + 7*t**4/12 - t**3 + 3*t**2/2 - 2*t. Give r(o).
3
Let s(j) = -9*j**3 + j**2 + 2. Let d(p) = 11*p**3 - 3. Let r(i) = 5*d(i) + 6*s(i). Determine r(-6).
-3
Let f(n) = -6*n + 3. Let g be ((-15)/4 + 5)/((-2)/(-8)). Let j(l) = l**2 - l - 15. Let k be j(g). Give f(k).
-27
Let l(o) = 5*o + 22. Suppose -3*t = -r - 2*r + 6, 4*r = -4*t - 32. Calculate l(t).
-3
Suppose -20*r = -21*r + 1. Let q(x) = x**3 - 2*x**2 + 2*x - 1. What is q(r)?
0
Suppose 9 = -3*x + 5*a, -3*a + 1 + 14 = 3*x. Let k(s) be the second derivative of s**3/3 + s**2/2 - 5*s. What is k(x)?
5
Let u be 5 - (10/5